{"version":"1.0","provider_name":"Beldi Glass in France","provider_url":"https:\/\/verrebeldi.fr\/en","author_name":"Lucas","author_url":"https:\/\/verrebeldi.fr\/en\/author\/lucas","title":"Grand vase Beldi V29 | Le Verre Beldi en France","type":"rich","width":600,"height":338,"html":"<blockquote class=\"wp-embedded-content\" data-secret=\"Awpkepu8sq\"><a href=\"https:\/\/verrebeldi.fr\/en\/produit\/grand-vase-beldi-h29\">Beldi V29 large vase<\/a><\/blockquote><iframe sandbox=\"allow-scripts\" security=\"restricted\" src=\"https:\/\/verrebeldi.fr\/en\/produit\/grand-vase-beldi-h29\/embed#?secret=Awpkepu8sq\" width=\"600\" height=\"338\" title=\"&#8220;Grand vase Beldi V29&#8221; &#8212; Le Verre Beldi en France\" data-secret=\"Awpkepu8sq\" frameborder=\"0\" marginwidth=\"0\" marginheight=\"0\" scrolling=\"no\" class=\"wp-embedded-content\"><\/iframe><script>\n\/*! This file is auto-generated *\/\n!function(d,l){\"use strict\";l.querySelector&&d.addEventListener&&\"undefined\"!=typeof URL&&(d.wp=d.wp||{},d.wp.receiveEmbedMessage||(d.wp.receiveEmbedMessage=function(e){var t=e.data;if((t||t.secret||t.message||t.value)&&!\/[^a-zA-Z0-9]\/.test(t.secret)){for(var s,r,n,a=l.querySelectorAll('iframe[data-secret=\"'+t.secret+'\"]'),o=l.querySelectorAll('blockquote[data-secret=\"'+t.secret+'\"]'),c=new RegExp(\"^https?:$\",\"i\"),i=0;i<o.length;i++)o[i].style.display=\"none\";for(i=0;i<a.length;i++)s=a[i],e.source===s.contentWindow&&(s.removeAttribute(\"style\"),\"height\"===t.message?(1e3<(r=parseInt(t.value,10))?r=1e3:~~r<200&&(r=200),s.height=r):\"link\"===t.message&&(r=new URL(s.getAttribute(\"src\")),n=new URL(t.value),c.test(n.protocol))&&n.host===r.host&&l.activeElement===s&&(d.top.location.href=t.value))}},d.addEventListener(\"message\",d.wp.receiveEmbedMessage,!1),l.addEventListener(\"DOMContentLoaded\",function(){for(var e,t,s=l.querySelectorAll(\"iframe.wp-embedded-content\"),r=0;r<s.length;r++)(t=(e=s[r]).getAttribute(\"data-secret\"))||(t=Math.random().toString(36).substring(2,12),e.src+=\"#?secret=\"+t,e.setAttribute(\"data-secret\",t)),e.contentWindow.postMessage({message:\"ready\",secret:t},\"*\")},!1)))}(window,document);\n\/\/# sourceURL=https:\/\/verrebeldi.fr\/wp-includes\/js\/wp-embed.min.js\n<\/script>","thumbnail_url":"http:\/\/verrebeldi.fr\/wp-content\/uploads\/2024\/08\/V29-e1722510421989.jpg","thumbnail_width":1280,"thumbnail_height":1280,"description":"\ud83d\udfe2 En stock | Exp\u00e9dition sous 48h Fabriqu\u00e9 au Maroc et souffl\u00e9e \u00e0 la bouche \u00e0 partir de verre recycl\u00e9. Le mod\u00e8le V29 s\u2019impose comme un vase \u00e9l\u00e9gant, parfait pour accueillir vos bouquets, feuillages ou fleurs s\u00e9ch\u00e9es. Son design intemporel et son verre souffl\u00e9 \u00e0 la bouche en font une pi\u00e8ce artisanale pleine de caract\u00e8re.  Dimensions : 29 cm (hauteur) x 18,5 cm (diam\u00e8tre).    &nbsp;"}

🟢 En stock | Expédition sous 48h Fabriqué au Maroc et soufflée à la bouche à partir de verre recyclé. Le modèle V29 s’impose comme un vase élégant, parfait pour accueillir vos bouquets, feuillages ou fleurs séchées. Son design intemporel et son verre soufflé à la bouche en font une pièce artisanale pleine de caractère.  Dimensions : 29 cm (hauteur) x 18,5 cm (diamètre).    &nbsp;
